e 12) to base 10.
-317
What is 40 (base 9) in base 13?
2a
Convert 5 (base 12) to base 16.
5
Convert 1 (base 7) to base 8.
1
What is 19 (base 13) in base 10?
22
Convert -51 (base 13) to base 15.
-46
What is -7 (base 13) in base 5?
-12
Convert 22 (base 4) to base 3.
101
Convert -65 (base 12) to base 3.
-2212
Convert -6 (base 7) to base 9.
-6
-4 (base 5) to base 16
-4
0 (base 7) to base 15
0
Convert 4 (base 10) to base 3.
11
-10 (base 11) to base 8
-13
Convert -5 (base 10) to base 9.
-5
What is -28 (base 14) in base 4?
-210
Convert 1 (base 16) to base 7.
1
3 (base 13) to base 12
3
Convert 206 (base 9) to base 7.
330
What is 0 (base 9) in base 6?
0
-10011011 (base 2) to base 16
-9b
What is -4 (base 14) in base 8?
-4
1 (base 11) to base 12
1
44 (base 8) to base 16
24
What is -40 (base 14) in base 11?
-51
What is -5 (base 12) in base 5?
-10
What is 440 (base 7) in base 12?
168
What is 52 (base 11) in base 14?
41
1 (base 7) to base 14
1
What is 14 (base 12) in base 14?
12
Convert -1000 (base 4) to base 10.
-64
Convert -9 (base 10) to base 3.
-100
What is -4 (base 11) in base 5?
-4
1 (base 15) to base 5
1
Convert 23 (base 10) to base 14.
19
What is 12 (base 4) in base 8?
6
Convert -7 (base 16) to base 14.
-7
Convert 8 (base 15) to base 7.
11
33 (base 13) to base 15
2c
Convert -1 (base 6) to base 12.
-1
Convert -30 (base 14) to base 15.
-2c
Convert 10111 (base 2) to base 6.
35
What is -f (base 16) in base 3?
-120
2 (base 13) to base 11
2
-1 (base 15) to base 16
-1
What is -13 (base 12) in base 10?
-15
Convert 120 (base 5) to base 14.
27
Convert -64 (base 11) to base 10.
-70
Convert -101 (base 4) to base 6.
-25
What is -33 (base 6) in base 2?
-10101
Convert 100011 (base 2) to base 3.
1022
What is -2 (base 15) in base 10?
-2
-d (base 16) to base 15
-d
What is -2311 (base 4) in base 11?
-155
What is -d3 (base 14) in base 7?
-353
What is -1 (base 2) in base 5?
-1
-10 (base 7) to base 9
-7
What is 101 (base 3) in base 7?
13
What is 41 (base 14) in base 9?
63
-1c (base 13) to base 11
-23
-6 (base 7) to base 2
-110
Convert 59 (base 16) to base 6.
225
Convert -6a (base 16) to base 7.
-211
121 (base 5) to base 7
51
1 (base 13) to base 6
1
2 (base 10) to base 4
2
-7 (base 8) to base 9
-7
Convert 0 (base 10) to base 2.
0
43 (base 16) to base 15
47
What is a (base 15) in base 4?
22
What is 4 (base 9) in base 2?
100
Convert 11 (base 5) to base 10.
6
Convert -122 (base 4) to base 9.
-28
What is 11b (base 15) in base 12?
18b
What is -24 (base 5) in base 2?
-1110
Convert 1 (base 4) to base 11.
1
Convert 4 (base 14) to base 8.
4
-12 (base 3) to base 16
-5
1 (base 5) to base 10
1
What is -34 (base 16) in base 7?
-103
Convert 53 (base 10) to base 8.
65
Convert -212 (base 8) to base 10.
-138
10 (base 2) to base 6
2
Convert -144 (base 6) to base 8.
-100
Convert 9 (base 16) to base 4.
21
What is -12 (base 3) in base 15?
-5
-5 (base 10) to base 13
-5
What is -101000 (base 2) in base 16?
-28
10 (base 7) to base 15
7
Convert 29 (base 14) to base 13.
2b
What is -4 (base 10) in base 11?
-4
100 (base 3) to base 13
9
Convert -33 (base 10) to base 13.
-27
-116 (base 13) to base 4
-2330
6 (base 14) to base 4
12
301 (base 6) to base 16
6d
What is 10 (base 5) in base 4?
11
Convert 3 (base 7) to base 16.
3
Convert 11 (base 13) to base 4.
32
What is -2 (base 11) in base 3?
-2
What is 8 (base 11) in base 10?
8
Convert 1 (base 8) to base 10.
1
Convert 2 (base 5) to base 8.
2
What is 2 (base 15) in base 11?
2
What is 1010 (base 2) in base 6?
14
10 (base 2) to base 7
2
-4 (base 14) to base 2
-100
What is -10001 (base 2) in base 9?
-18
What is 2 (base 10) in base 2?
10
Convert 10 (base 3) to base 8.
3
-2 (base 5) to base 7
-2
29 (base 11) to base 8
37
What is 7b (base 16) in base 9?
146
Convert 262 (base 8) to base 13.
109
What is 344 (base 6) in base 8?
210
-76 (base 11) to base 9
-102
Convert 1 (base 16) to base 4.
1
34 (base 5) to base 11
18
Convert -69 (base 10) to base 12.
-59
What is 46 (base 7) in base 9?
37
What is 220 (base 3) in base 11?
22
Convert -a8 (base 16) to base 7.
-330
What is 24 (base 11) in base 14?
1c
a3 (base 11) to base 7
221
Convert -a (base 14) to base 16.
-a
-4 (base 16) to base 3
-11
Convert -16 (base 12) to base 9.
-20
What is -1 (base 12) in base 11?
-1
-11 (base 4) to base 8
-5
2 (base 14) to base 10
2
What is 4 (base 14) in base 3?
11
What is 60 (base 9) in base 7?
105
-8 (base 12) to base 7
-11
Convert -2 (base 8) to base 6.
-2
Convert -140 (base 8) to base 5.
-341
Convert -12103 (base 4) to base 15.
-1bd
Convert -102 (base 10) to base 2.
-1100110
What is 15 (base 14) in base 11?
18
Convert -1a (base 13) to base 14.
-19
404 (base 7) to base 13
125
-10022 (base 3) to base 12
-75
Convert -17 (base 16) to base 11.
-21
What is 2 (base 10) in base 9?
2
What is 1 (base 14) in base 2?
1
What is -40 (base 8) in base 12?
-28
What is 45 (base 6) in base 2?
11101
What is -11 (base 11) in base 12?
-10
What is -18c (base 16) in base 3?
-112200
What is 21 (base 8) in base 13?
14
2 (base 16) to base 4
2
3323 (base 4) to base 10
251
Convert 10101 (base 2) to base 3.
210
Convert 3 (base 7) to base 9.
3
-201 (base 3) to base 15
-14
What is 5 (base 14) in base 12?
5
Convert 410 (base 5) to base 11.
96
Convert -21 (base 6) to base 8.
-15
What is 11 (base 2) in base 7?
3
17 (base 13) to base 5
40
Convert 1 (base 8) to base 3.
1
Convert -6e (base 16) to base 15.
-75
Convert 10 (base 6) to base 9.
6
Convert 0 (base 13) to base 3.
0
Convert 10 (base 2) to base 5.
2
Convert -100001001 (base 2) to base 16.
-109
Convert -141 (base 5) to base 13.
-37
What is -1110 (base 2) in base 13?
-11
1021 (base 6) to base 12
171
-30 (base 6) to base 3
-200
What is 91 (base 10) in base 5?
331
Convert -212 (base 3) to base 16.
-17
Convert -40 (base 10) to base 14.
-2c
-158 (base 13) to base 5
-1432
Convert 2 (base 12) to base 8.
2
Convert 10 (base 3) to base 12.
3
What is 24 (base 7) in base 11?
17
-2d (base 15) to base 12
-37
Convert -8 (base 13) to base 5.
-13
Convert 20 (base 8) to base 3.
121
Convert -101 (base 4) to base 16.
-11
58 (base 14) to base 13
60
-16 (base 10) to base 13
-13
What is 65 (base 10) in base 6?
145
3 (base 11) to base 9
3
Convert 3 (base 9) to base 8.
3
Convert 0 (base 12) to base 2.
0
Convert 0 (base 10) to base 4.
0
-10020 (base 3) to base 8
-127
Convert -a (base 16) to base 3.
-101
3 (base 9) to base 13
3
-34 (base 5) to base 2
-10011
2 (base 4) to base 5
2
What is -5 (base 6) in base 9?
-5
32 (base 10) to base 12
28
25 (base 9) to base 10
23
21221 (base 3) to base 16
d6
364 (base 7) to base 12
141
Convert -3 (base 8) to base 10.
-3
Convert -80 (base 14) to base 3.
-11011
Convert -112 (base 5) to base 2.
-100000
What is bc (base 16) in base 5?
1223
32 (base 13) to base 11
38
0 (base 15) to base 2
0
a2 (base 12) to base 7
233
What is 10 (base 8) in base 11?
8
Convert 21 (base 8) to base 2.
10001
What is -2023 (base 4) in base 3?
-12011
Convert -77 (base 15) to base 10.
-112
3 (base 11) to base 7
3
What is 1 (base 2) in base 9?
1
What is -1 (base 10) in base 9?
-1
-4 (base 9) to base 8
-4
What is 222 (base 3) in base 15?
1b
What is 9 (base 12) in base 8?
11
Convert 6 (base 15) to base 12.
6
Convert 54 (base 10) to base 8.
66
What is -7 (base 8) in base 16?
-7
What is -315 (base 7) in base 14?
-b5
What is -323 (base 6) in base 9?
-146
What is 5 (base 7) in base 6?
5
34 (base 7) to base 13
1c
6 (base 15) to base 10
6
What is -2 (base 3) in base 10?
-2
What is -1b4 (base 15) in base 11?
-329
-2 (base 12) to base 7
-2
Convert -167 (base 13) to base 12.
-192
What is 36 (base 7) in base 6?
43
Convert -241 (base 5) to base 4.
-1013
-200 (base 9) to base 12
-116
Convert 2 (base 5) to base 10.
2
What is 3320 (base 4) in base 11?
206
What is 23 (base 5) in base 16?
d
-d5 (base 14) to base 8
-273
Convert -6 (base 8) to base 4.
-12
What is -13 (base 4) in base 11?
-7
205 (base 12) to base 9
355
Convert -15 (base 11) to base 13.
-13
24 (base 6) to base 13
13
What is 20 (base 3) in base 9?
6
Convert -3 (base 9) to base 11.
-3
10 (base 9) to base 11
9
What is 31 (base 8) in base 2?
11001
What is -10 (base 9) in base 3?
-100
72 (base 16) to base 12
96
Convert -21 (base 3) to base 7.
-10
Convert 20 (base 4) to base 2.
1000
What is -4 (base 6) in base 10?
-4
8 (base 11) to base 5
13
Con